?
2
What is the hundreds digit of 656873?
8
What is the thousands digit of 1205659?
5
What is the ten thousands digit of 15827023?
2
What is the thousands digit of 35416?
5
What is the hundreds digit of 2831816?
8
What is the millions digit of 18647975?
8
What is the hundreds digit of 744591?
5
What is the hundreds digit of 422698?
6
What is the tens digit of 373329?
2
What is the tens digit of 572964?
6
What is the hundreds digit of 774129?
1
What is the units digit of 787570?
0
What is the hundreds digit of 15695073?
0
What is the hundred thousands digit of 4017187?
0
What is the hundred thousands digit of 513981?
5
What is the tens digit of 2270569?
6
What is the units digit of 155191?
1
What is the thousands digit of 9602892?
2
What is the hundred thousands digit of 734263?
7
What is the hundred thousands digit of 1952316?
9
What is the thousands digit of 578556?
8
What is the thousands digit of 2552495?
2
What is the units digit of 4202?
2
What is the ten thousands digit of 733968?
3
What is the hundreds digit of 138298?
2
What is the units digit of 350058?
8
What is the hundred thousands digit of 496124?
4
What is the tens digit of 406738?
3
What is the hundred thousands digit of 170627?
1
What is the tens digit of 258216?
1
What is the hundred thousands digit of 180914?
1
What is the tens digit of 218730?
3
What is the hundreds digit of 144989?
9
What is the hundred thousands digit of 275909?
2
What is the hundred thousands digit of 1111036?
1
What is the millions digit of 4995004?
4
What is the hundred thousands digit of 2040817?
0
What is the tens digit of 23877060?
6
What is the ten thousands digit of 884493?
8
What is the hundreds digit of 444289?
2
What is the hundreds digit of 177750?
7
What is the hundred thousands digit of 350775?
3
What is the ten thousands digit of 70104?
7
What is the ten thousands digit of 330724?
3
What is the hundred thousands digit of 42481339?
4
What is the thousands digit of 14390809?
0
What is the ten thousands digit of 18991357?
9
What is the hundred thousands digit of 906146?
9
What is the units digit of 246868?
8
What is the thousands digit of 156005?
6
What is the units digit of 176548?
8
What is the hundreds digit of 292301?
3
What is the tens digit of 4335538?
3
What is the ten millions digit of 18732054?
1
What is the thousands digit of 212474?
2
What is the hundred thousands digit of 2082222?
0
What is the hundreds digit of 182105?
1
What is the hundred thousands digit of 318521?
3
What is the thousands digit of 2380212?
0
What is the hundreds digit of 356084?
0
What is the thousands digit of 739205?
9
What is the units digit of 90186?
6
What is the hundreds digit of 147185?
1
What is the ten thousands digit of 4924654?
2
What is the thousands digit of 14346994?
6
What is the hundred thousands digit of 10514170?
5
What is the hundred thousands digit of 1702344?
7
What is the ten millions digit of 31561274?
3
What is the hundreds digit of 311990?
9
What is the units digit of 24792?
2
What is the units digit of 4245827?
7
What is the tens digit of 848683?
8
What is the ten thousands digit of 946589?
4
What is the hundred thousands digit of 1730617?
7
What is the thousands digit of 33353291?
3
What is the tens digit of 18004804?
0
What is the millions digit of 32493591?
2
What is the hundred thousands digit of 2500323?
5
What is the ten thousands digit of 1607382?
0
What is the millions digit of 8504516?
8
What is the tens digit of 1866048?
4
What is the thousands digit of 9302679?
2
What is the thousands digit of 574778?
4
What is the units digit of 1391706?
6
What is the millions digit of 3109088?
3
What is the tens digit of 173514?
1
What is the ten thousands digit of 96087?
9
What is the ten thousands digit of 433327?
3
What is the ten thousands digit of 2112515?
1
What is the tens digit of 816304?
0
What is the hundreds digit of 2338769?
7
What is the hundreds digit of 303836?
8
What is the thousands digit of 4900276?
0
What is the tens digit of 6047516?
1
What is the hundreds digit of 198456?
4
What is the units digit of 4744836?
6
What is the thousands digit of 303371?
3
What is the units digit of 2342693?
3
What is the tens digit of 29715?
1
What is the hundred thousands digit of 334035?
3
What is the tens digit of 119004?
0
What is the ten millions digit of 12251311?
1
What is the thousands digit of 4075655?
5
What is the ten thousands digit of 3674674?
7
What is the thousands digit of 112800?
2
What is the ten millions digit of 15245244?
1
What is the hundred thousands digit of 147788?
1
What is the hundred thousands digit of 1105706?
1
What is the hundred thousands digit of 1101390?
1
What is the thousands digit of 396470?
6
What is the hundreds digit of 4975605?
6
What is the hundreds digit of 435207?
2
What is the hundred thousands digit of 1319978?
3
What is the tens digit of 12240088?
8
What is the units digit of 493056?
6
What is the units digit of 1989990?
0
What is the thousands digit of 526377?
6
What is the ten thousands digit of 158616?
5
What is the hundreds digit of 5176172?
1
What is the ten millions digit of 11830330?
1
What is the units digit of 6515635?
5
What is the tens digit of 17168?
6
What is the ten millions digit of 12809391?
1
What is the thousands digit of 2564663?
4
What is the tens digit of 3820370?
7
What is the hundreds digit of 38099?
0
What is the tens digit of 37858?
5
What is the hundred thousands digit of 560562?
5
What is the thousands digit of 1536290?
6
What is the tens digit of 77813?
1
What is the thousands digit of 3988894?
8
What is the hundreds digit of 66340?
3
What is the thousands digit of 8814?
8
What is the millions digit of 20130290?
0
What is the tens digit of 224363?
6
What is the units digit of 1330042?
2
What is the millions digit of 12120375?
2
What is the tens digit of 369610?
1
What is the units digit of 5029609?
9
What is the millions digit of 3189293?
3
What is the units digit of 219109?
9
What is the hundreds digit of 1359653?
6
What is the hundreds digit of 247098?
0
What is the hundreds digit of 6097967?
9
What is the thousands digit of 10477659?
7
What is the hundred thousands digit of 1620004?
6
What is the units digit of 175332?
2
What is the thousands digit of 7315886?
5
What is the ten millions digit of 13002376?
1
What is the millions digit of 34305889?
4
What is the hundred thousands digit of 259896?
2
What is the units digit of 1137326?
6
What is the tens digit of 478923?
2
What is the tens digit of 2109416?
1
What is the tens digit of 21616580?
8
What is the hundreds digit of 6484198?
1
What is the tens digit of 204524?
2
What is the units digit of 417116?
6
What is the units digit of 11162535?
5
What is the ten thousands digit of 761233?
6
What is the hundreds digit of 66460?
4
What is the hundred thousands digit of 267786?
2
What is the hundred thousands digit of 135542?
1
What is the hundreds digit of 74512?
5
What is the tens digit of 841427?
2
What is the millions digit of 1248948?
1
What is the thousands digit of 2049254?
9
What is the ten thousands digit of 471813?
7
What is the hundreds digit of 2766746?
7
What is the hundreds digit of 689392?
3
What is the thousands digit of 565682?
5
What is the hundred thousands digit of 27098225?
0
What is the hundreds digit of 186582?
5
What is the hundreds digit of 94359?
3
What is the tens digit of 1285315?
1
What is the ten thousands digit of 63581?
6
What is the hundreds digit of 1424184?
1
What is the units digit of 140204?
4
What is the hundreds digit of 275159?
1
What is the hundreds digit of 26974361?
3
What is the thousands digit of 6056?
6
What is the tens digit of 21818976?
7
What is the tens digit of 904150?
5
What is the units digit of 689271?
1
What is the millions digit of 19518270?
9
What is the hundreds digit of 13236047?
0
What is the thousands digit of 2757225?
7
What is the hundreds digit of 679326?
3
What is the ten thousands digit of 999561?
9
What is the units digit of 7609791?
1
What is the tens digit of 3065818?
1
What is the hundreds digit of 11033020?
0
What is the hundred thousands digit of 4014049?
0
What is the tens digit of 11083?
8
What is the millions digit of 2457575?
2
What is the tens digit of 1989744?
4
What is the units digit of 3